the remainder when 269184 is divided by 90.
84
What is the remainder when 1374 is divided by 1239?
135
What is the remainder when 6681 is divided by 665?
31
Calculate the remainder when 120263 is divided by 60128.
7
What is the remainder when 14935 is divided by 29?
0
Calculate the remainder when 5112 is divided by 31.
28
Calculate the remainder when 193264 is divided by 802.
784
What is the remainder when 2518 is divided by 123?
58
Calculate the remainder when 7177 is divided by 13.
1
Calculate the remainder when 5686 is divided by 245.
51
Calculate the remainder when 227890 is divided by 14.
12
What is the remainder when 44092 is divided by 9?
1
Calculate the remainder when 1645 is divided by 354.
229
Calculate the remainder when 1401 is divided by 184.
113
Calculate the remainder when 23019 is divided by 490.
479
What is the remainder when 17454 is divided by 871?
34
What is the remainder when 15953 is divided by 354?
23
Calculate the remainder when 75 is divided by 64.
11
Calculate the remainder when 171 is divided by 92.
79
What is the remainder when 19741 is divided by 549?
526
What is the remainder when 3669 is divided by 13?
3
What is the remainder when 25190 is divided by 12593?
4
What is the remainder when 321366 is divided by 30?
6
Calculate the remainder when 4331 is divided by 2141.
49
Calculate the remainder when 423934 is divided by 276.
274
Calculate the remainder when 7029 is divided by 160.
149
What is the remainder when 922917 is divided by 30?
27
What is the remainder when 34779 is divided by 2897?
15
What is the remainder when 3094542 is divided by 272?
270
Calculate the remainder when 458814 is divided by 65544.
6
What is the remainder when 23460 is divided by 7799?
63
What is the remainder when 337339 is divided by 168663?
13
What is the remainder when 68395 is divided by 45?
40
Calculate the remainder when 22060 is divided by 13.
12
What is the remainder when 43381 is divided by 21626?
129
Calculate the remainder when 7866 is divided by 254.
246
What is the remainder when 4804 is divided by 21?
16
What is the remainder when 9691 is divided by 66?
55
Calculate the remainder when 14398 is divided by 3593.
26
Calculate the remainder when 1942 is divided by 122.
112
Calculate the remainder when 1690 is divided by 258.
142
Calculate the remainder when 3521497 is divided by 17.
15
What is the remainder when 4402 is divided by 1446?
64
Calculate the remainder when 30393 is divided by 52.
25
Calculate the remainder when 18750 is divided by 159.
147
What is the remainder when 80396 is divided by 40153?
90
What is the remainder when 7206 is divided by 115?
76
Calculate the remainder when 4929 is divided by 1633.
30
What is the remainder when 148885 is divided by 74?
71
Calculate the remainder when 3941 is divided by 264.
245
Calculate the remainder when 15628 is divided by 5156.
160
Calculate the remainder when 13506 is divided by 19.
16
Calculate the remainder when 4338 is divided by 1446.
0
What is the remainder when 2037 is divided by 982?
73
Calculate the remainder when 676 is divided by 665.
11
What is the remainder when 82646 is divided by 41323?
0
What is the remainder when 5989 is divided by 109?
103
What is the remainder when 3572826 is divided by 261?
258
Calculate the remainder when 150428 is divided by 166.
32
What is the remainder when 49268 is divided by 65?
63
What is the remainder when 47588 is divided by 4323?
35
What is the remainder when 37062 is divided by 18529?
4
Calculate the remainder when 136774 is divided by 526.
14
What is the remainder when 24928 is divided by 437?
19
What is the remainder when 48421 is divided by 2305?
16
Calculate the remainder when 29336 is divided by 774.
698
Calculate the remainder when 2425 is divided by 248.
193
What is the remainder when 24681 is divided by 86?
85
What is the remainder when 21578 is divided by 134?
4
What is the remainder when 21589 is divided by 878?
517
Calculate the remainder when 54643 is divided by 27321.
1
Calculate the remainder when 33360 is divided by 2224.
0
What is the remainder when 203997 is divided by 58?
11
What is the remainder when 92667 is divided by 3861?
3
Calculate the remainder when 906 is divided by 389.
128
What is the remainder when 1712225 is divided by 11?
9
What is the remainder when 76018 is divided by 400?
18
What is the remainder when 115867 is divided by 38611?
34
What is the remainder when 65886 is divided by 27?
6
What is the remainder when 24944 is divided by 36?
32
What is the remainder when 284345 is divided by 56859?
50
What is the remainder when 5207 is divided by 4823?
384
What is the remainder when 258 is divided by 60?
18
What is the remainder when 2793 is divided by 309?
12
What is the remainder when 510228 is divided by 518?
516
Calculate the remainder when 1829 is divided by 320.
229
What is the remainder when 9601 is divided by 4769?
63
Calculate the remainder when 39972 is divided by 3117.
2568
What is the remainder when 12273 is divided by 3?
0
Calculate the remainder when 44574 is divided by 9.
6
Calculate the remainder when 20734 is divided by 247.
233
What is the remainder when 7163 is divided by 2?
1
Calculate the remainder when 2123 is divided by 504.
107
Calculate the remainder when 23167 is divided by 1052.
23
What is the remainder when 6795 is divided by 6769?
26
What is the remainder when 15396 is divided by 1026?
6
Calculate the remainder when 1865441 is divided by 936.
929
What is the remainder when 1303 is divided by 502?
299
Calculate the remainder when 870632 is divided by 41.
38
Calculate the remainder when 1892570 is divided by 46.
38
What is the remainder when 45173 is divided by 80?
53
What is the remainder when 524747 is divided by 571?
569
Calculate the remainder when 35411 is divided by 161.
152
What is the remainder when 2315 is divided by 2?
1
Calculate the remainder when 917749 is divided by 146.
139
Calculate the remainder when 111 is divided by 105.
6
What is the remainder when 62413 is divided by 104?
13
What is the remainder when 22210 is divided by 7398?
16
What is the remainder when 6369 is divided by 21?
6
What is the remainder when 289249 is divided by 1333?
1321
What is the remainder when 3774 is divided by 469?
22
What is the remainder when 34892 is divided by 397?
353
What is the remainder when 9833 is divided by 620?
533
What is the remainder when 597 is divided by 304?
293
What is the remainder when 226109 is divided by 5?
4
What is the remainder when 83020 is divided by 5532?
40
What is the remainder when 1136 is divided by 126?
2
Calculate the remainder when 11880 is divided by 98.
22
What is the remainder when 295127 is divided by 42?
35
What is the remainder when 874294 is divided by 16?
6
Calculate the remainder when 62671 is divided by 220.
191
What is the remainder when 2205 is divided by 637?
294
What is the remainder when 106128 is divided by 656?
512
Calculate the remainder when 144002 is divided by 11999.
14
Calculate the remainder when 3826 is divided by 3715.
111
What is the remainder when 156056 is divided by 703?
693
Calculate the remainder when 24647 is divided by 79.
78
What is the remainder when 1608 is divided by 1607?
1
What is the remainder when 8780 is divided by 8518?
262
Calculate the remainder when 4572 is divided by 22.
18
What is the remainder when 10299 is divided by 28?
23
What is the remainder when 2090 is divided by 512?
42
What is the remainder when 49197 is divided by 30?
27
Calculate the remainder when 50979 is divided by 59.
3
Calculate the remainder when 5170 is divided by 1348.
1126
Calculate the remainder when 1677 is divided by 407.
49
Calculate the remainder when 5417 is divided by 123.
5
Calculate the remainder when 653 is divided by 112.
93
Calculate the remainder when 10318 is divided by 84.
70
What is the remainder when 4852 is divided by 55?
12
Calculate the remainder when 1636 is divided by 184.
164
Calculate the remainder when 151351 is divided by 7.
4
What is the remainder when 102566 is divided by 11396?
2
Calculate the remainder when 10667 is divided by 13.
7
Calculate the remainder when 914 is divided by 904.
10
Calculate the remainder when 53996 is divided by 375.
371
Calculate the remainder when 62333 is divided by 649.
